s(f) = f - 1. Calculate s(j).
4
Let f(p) = -p. Let r(l) = -6*l - 2. Let v(q) = 2*f(q) - r(q). Determine v(5).
22
Let r(b) = -b**2 - 7*b + 10. Let n(o) = -7*o**2 + 2*o - 3. Let c be n(1). Calculate r(c).
2
Suppose -z - 10 = -5*x, 0 = 3*x + 2*x + 2*z + 5. Let p(j) = 3*j. What is p(x)?
3
Let j(m) = -4*m**2 - m. Let x(z) = -z**2 + z + 1. Let c(u) = j(u) - 3*x(u). Suppose -5*d + 15 = -5*h, 2*d - 9 - 5 = -2*h. Let r be -6 + h*(-2)/(-4). Give c(r).
-8
Let l(y) be the third derivative of y**5/60 + y**4/24 - y**3/6 - 11*y**2. Calculate l(3).
11
Let c(t) = -5*t + 4*t - 37 - 7*t**3 - t**2 + 36. Let n(i) = -2*i - 7. Let k(a) = -a - 4. Let y(o) = -11*k(o) + 6*n(o). Let u be y(3). Calculate c(u).
6
Let y(s) = s + 10 + 0*s - 3. Suppose 5*c = 4*m - 0*c + 3, -3*c - 3 = 0. Let d be m/5 + 4/10. What is y(d)?
7
Let g be ((-1)/(-2))/((-4)/8). Let q(n) = 20*n + 1. Determine q(g).
-19
Suppose 5*l + 17 = p, -4*l - 4*p - 19 = -3*p. Let f(t) be the first derivative of t**4/4 + t**3 - 2*t**2 - 4*t - 1. Give f(l).
-4
Let y(t) = -t + 2. Let c be y(0). Suppose r = -j - c, -r + 4*r - 2 = j. Let m(f) = -5 + 0*f - 2*f + 3*f. Calculate m(r).
-5
Let a(d) = -3*d + 3. Let z be 2/(-4) - 11/(-2). Calculate a(z).
-12
Let a(h) be the third derivative of -h**4/24 - 5*h**3/6 + 8*h**2. Calculate a(-5).
0
Let h(u) = 5. Suppose -i + 2 = 0, -b = -0*i + i - 5. Let y(r) = -r + 6. Let w(x) = b*y(x) - 4*h(x). Give w(-2).
4
Let j = 3 + -8. Let s(g) = -13*g + 5. Let v(d) be the first derivative of -10*d**2 + 8*d - 3. Let k(u) = j*v(u) + 8*s(u). What is k(2)?
-8
Suppose 26 = 2*c - 4*j, j - 7 = -c - 3*c. Let k(q) be the second derivative of 1/20*q**5 - 1/2*q**2 + 0 - 4*q - 5/12*q**4 + 2/3*q**3. Determine k(c).
-7
Let j(v) = 2*v. Let x = 132 - 134. Calculate j(x).
-4
Let y(z) = -3*z - 2. Let g(j) = 10*j + 6. Let k(i) = -2*g(i) - 7*y(i). Calculate k(2).
4
Let m(p) = p**3 - 4*p**2 + p + 3. Let k be 0 - 1/(-2)*0. Suppose k = -3*w - 0*o + 5*o - 11, -12 = -3*o. Give m(w).
-3
Let f be (-1*2)/(8 - 15/2). Let i(n) = -2*n - 2. Determine i(f).
6
Let o(d) = d. Let q(t) = -12*t**2 - t - 1. Let j(l) = 2*o(l) + q(l). Suppose 3*z = -5*i + 16, -5*i + 4*i + 5*z - 8 = 0. Suppose 4*f = 6 - i. Determine j(f).
-12
Let t(r) be the second derivative of r**5/20 - r**4/6 - r**3/6 - r. Let u = 4 - 6. Let a be (u/4)/((-7)/(-14)). Calculate t(a).
-2
Let c(h) = h - 23*h**2 - 3 + 8*h**2 + 14*h**2. Let q = -4 + 7. Give c(q).
-9
Suppose 0 = -6*q + 9*q + 30. Let v be (-2 - 2)*5/q. Let f(g) = g**2 - g**3 - g + 0*g**3 - 1 + 2*g**v. Calculate f(2).
1
Let m(v) = 0*v + v + 2*v + 3. Let g(u) = 2*u**3 - 2*u**2 + 4*u - 3. Let z be g(2). Let q = 9 - z. Determine m(q).
-9
Let n(k) = -1. Let p(o) = 4*o - 4*o + 1 + 2*o + o. Let x(t) = -3*n(t) + p(t). Determine x(-5).
-11
Let o be 3 + 10/6 + -4. Let y(s) be the second derivative of 0*s**2 - 1/20*s**5 + o*s**3 + 0 - s - 1/4*s**4. What is y(-4)?
0
Let q(f) = 1. Let n(x) = 3*x + 11. Let m(b) = -n(b) + 4*q(b). Calculate m(-5).
8
Let k(h) be the third derivative of h**5/15 + h**2. Let f be (-2 - -1)/(-5 + 6). Calculate k(f).
4
Let b(u) = 3*u**2 - 5*u + 3. Let v(h) = 2*h**2 - 5*h + 2. Let x(s) = 3*b(s) - 4*v(s). Determine x(-6).
7
Let p(r) = 5*r - 4. Let i = 36 - 50. Let a be (16/i)/(14/(-49)). Give p(a).
16
Let b(h) = -3*h**2 - 2*h + 7. Let k(i) = -2*i**2 - 3*i + 6. Let x be 1/((-3)/(-9)*1). Let s = x - 6. Let l(c) = s*b(c) + 4*k(c). Determine l(5).
-2
Let b(w) = w - 7. Let k be 3/(-3) + (1 - 4). Suppose 6*v = v + 20. Let r = k + v. What is b(r)?
-7
Let r(w) = 107*w + 7 + 0 - 106*w. Give r(-8).
-1
Suppose -4*t + s + 11 = 0, -2*t + 0*s = 4*s - 10. Suppose -t*r - 7 = 8. Let w(c) be the second derivative of c**4/12 + 5*c**3/6 + 6*c + 1. Calculate w(r).
0
Suppose h - 1 = -x - 0*h, 1 = 3*x + 5*h. Let j = -8 - -11. Let d(o) = 1 - o**3 - 8 - j*o + 1 - 4*o**x. Determine d(-4).
6
Let h(m) = m**3 - 4*m**2 + 7*m - 4. Let a be h(3). Let r(b) = -20 - 2*b + 14 + a. Calculate r(2).
-2
Let j(c) = c**2 + 3*c + 2. Let f be (20/(-6))/((-14)/21). Suppose 2*u - 8 = 3*y - f*y, 3*u = y. Let l = y - 7. What is j(l)?
6
Let n(c) = 2*c + 2. Let o be n(3). Suppose -4*f - o = -2*f. Let i(v) = -7*v - 13. Let g(k) = -k - 1. Let m(u) = -6*g(u) + i(u). Calculate m(f).
-3
Suppose -2*z - 3*f = -18, 2*f + 14 = 2*z + 4*f. Let j(v) be the second derivative of 0 - 2*v + v**2 - 1/6*v**z + 1/4*v**4 - 1/20*v**5. Determine j(2).
4
Let p(o) be the second derivative of o**3/2 - 3*o**2/2 + 2*o. Let i(l) be the first derivative of -l**3/3 + 2*l**2 + 3*l + 1. Let d be i(4). What is p(d)?
6
Let s(i) = i + 3. Let n be s(3). Let p be (n - 3 - 0)/1. Let d(y) = -y**3 + 2*y**2 + 3*y + 1. Give d(p).
1
Let h(z) = -z**2 + z - 1. Let x be (-1*(-2 - -1))/1. Give h(x).
-1
Let x(y) = y**3 + 8*y**2 + 6*y - 10. Let g(w) = w**3 + 7*w**2 + 8*w + 14. Let p be g(-6). Suppose 5*o + 0*t - p*t + 45 = 0, -19 = 2*o - t. Calculate x(o).
-3
Let f(v) = -v + 2. Let s(c) = 13*c - 5. Let q(a) = -3*f(a) - s(a). Determine q(2).
-21
Let w(o) be the second derivative of -o**4/24 + 3*o**2 - 4*o. Let c(h) be the first derivative of w(h). Give c(-1).
1
Let c(l) = -4*l**2 - 2*l + 13. Let f(y) = 9*y**2 + 3*y - 27. Let w(i) = 7*c(i) + 3*f(i). Calculate w(-7).
-4
Let s(p) be the first derivative of 1/3*p**3 - 2 + 5/2*p**2 + 3*p. Let i = -1 - 2. Give s(i).
-3
Suppose -4 + 10 = 3*t. Suppose -l = -3*c + 11, -4*c - 3*l + t*l + 24 = 0. Let y = 1 - c. Let j(w) = w**2 - 4. What is j(y)?
12
Let t(o) be the third derivative of o**6/120 + 7*o**5/60 - o**4/24 - 2*o**2. Suppose 11*s = 16*s + 35. Determine t(s).
7
Let m(g) = 64*g - g**2 - 11 - 125*g + 61*g. Calculate m(0).
-11
Let d = 14 + -8. Let t(c) = 6 + 7*c - d. Give t(-1).
-7
Let j(w) = 3*w - 2*w + 0*w + 9. Let i be ((-11)/((-55)/(-6)))/(4/20). Calculate j(i).
3
Let n(z) = -2*z**2 - 3*z + 2. Let r = 10 + -2. Let t be (-2)/(-5) - 23/(-5). Let d = t - r. What is n(d)?
-7
Let w(h) = -10*h - 3. Let c(r) = -5*r - 2. Let k(u) = -5*c(u) + 3*w(u). Let m be k(1). Let n(g) = -g**2 - 5*g - 6. Determine n(m).
-2
Let a(c) be the third derivative of c**6/60 - c**5/30 - c**4/24 + c**3/3 + c**2. Let x(p) = 16*p - 14. Let d be x(1). Determine a(d).
8
Let a(m) = -m**3 + 7*m**2 - 4*m - 7. Let b be 0*(2 - (-3)/(-2)). Let d = 6 + b. Calculate a(d).
5
Let d(r) = r**3 + 3*r**2 - 3*r - 4. Let l(w) = -2*w**3 + w. Let b be l(-1). Suppose -z = 4 - b. What is d(z)?
5
Let s(a) = a**2 - 12*a + 5. Suppose 3*d + 0*d - 27 = -3*t, -3*t - 5*d = -23. Calculate s(t).
-6
Let w be (2/5)/(2/10). Suppose -q + 32 = 3*q. Let x(u) = 7 + u**2 - 1 - q. Calculate x(w).
2
Let i = 4 - 0. Suppose -4*f + i = g, -4 = -g - g - 4*f. Let s(t) = t**2 + 8. Let c(o) = -2*o**2 - 17. Let d(n) = 3*c(n) + 7*s(n). Calculate d(g).
5
Let b(m) = 2 - 7 - 8*m + 3 + 3*m. Suppose -d = -0*q + q + 3, 2*d - 2 = 2*q. Calculate b(q).
8
Let f = -234 - -237. Let d(t) = -4*t**2 + 4*t**2 + 2*t + 4 - t**2. What is d(f)?
1
Let x(a) be the third derivative of a**6/120 - a**5/15 + a**4/8 - a**3/3 - 6*a**2. Give x(3).
-2
Suppose -3*s - 5 = 16. Let c be s*(24/14)/2. Let p(m) = m**2 + 5*m - 4. What is p(c)?
2
Let d(w) be the second derivative of 7*w**5/20 + w**4/6 + w**3/6 + 7*w. What is d(-1)?
-6
Let n(z) be the first derivative of -z**3/3 - 7*z**2/2 - 9*z + 22. Suppose -2*y - y = 18. Determine n(y).
-3
Let k(h) = h. Let c(f) = -2*f. Let t(g) = -3*c(g) - 4*k(g). Give t(2).
4
Let c(s) = -4*s**3 + 2*s**3 - s**3 + 9*s**3. Determine c(1).
6
Let z(k) be the third derivative of k**6/120 - k**5/20 - k**4/4 + 5*k**3/6 + 2*k**2. Give z(4).
-3
Let d(t) be the third derivative of -t**6/120 + 11*t**5/60 + t**4/24 - 5*t**3/6 - 28*t**2. Give d(11).
6
Let k(n) be the second derivative of 7*n**3/6 + 3*n. Suppose -5*f + 5 + 0 = 0. Suppose 4*y - f = 3. Give k(y).
7
Let a(o) = o**3 - 2*o**2 - 2*o + 2. Let y be 4/14 + (-19)/(-7). Let x be a(y). Let i(s) = -s + 7. Determine i(x).
2
Let i = 2 + -5. Let o = -1 + i. Let m(s) = 2*s**2 + 5*s - 2. Give m(o).
10
Let u(g) = 2*g + 44 - 5*g**2 - 51 + 4*g**2 - 9*g. Give u(-6).
-1
Let s(u) = 6*u**2 + 2*u + 4. Let n(b) = 6*b**2 + b + 3. Let h(d) = -3*n(d) + 2*s(d). Give h(1).
-6
Let t be (0 + -1)*(-6)/3. Let j(g) = 2*g**2 + 4*g - 2*g**3 + 2*g**t + 3*g**3. Suppose 0 = 2*y - 5*n + 1, 5*y = 3*n - 4*n - 16. Give j(y).
-3
Let z(t) = -2*t + 3. Let s(x) = 2*x - 2. Let n(b) = 4*s(b) + 3*z(b). Calculate n(-6).
-1